alculate the highest common divisor of 42 and n.
42
Let g(w) = -w**3 + 5*w**2 + w + 1. Let h be g(5). Let b = h - 2. Calculate the highest common divisor of b and 8.
4
Suppose -5*r + 239 = -0*r + 4*u, 4*r - 4*u = 184. Suppose -3*p - i + 68 = -6, -2*p + r = 3*i. Calculate the highest common factor of p and 5.
5
Let m = 89 + 43. What is the greatest common factor of 24 and m?
12
Let s = -1 + 5. Suppose -s - 1 = -n. Let b(o) = o**3 - 2*o**2 + 8*o - 5. Let f be b(n). What is the highest common divisor of 10 and f?
10
Let z(a) = -a - 2. Let n be z(-17). Calculate the highest common divisor of 45 and n.
15
Suppose -2 = l - 5*a - 58, -5*l + 400 = 5*a. What is the greatest common divisor of l and 190?
38
Suppose 4*u + 5 = 37. What is the greatest common factor of u and 12?
4
Let f(u) = -2*u**2 + 24*u - 17. Let i be f(10). What is the greatest common factor of i and 69?
23
Let y(k) = 7*k + 1. Let x = 13 - 8. Let l be y(x). What is the greatest common divisor of l and 24?
12
Suppose 5*x - 9*x = 0. Suppose -24 = -k - x. Calculate the greatest common factor of k and 36.
12
Let n = 3 - 3. Suppose -l + 1 = -n*l. Calculate the greatest common divisor of l and 6.
1
Suppose 20 = -0*l - 3*l - 5*x, -5*x + 20 = -5*l. Let f = l - -27. Let d = 314 - 292. What is the greatest common divisor of f and d?
22
Suppose 0*d + 3*w = d - 29, -3*d - 4*w + 113 = 0. Suppose 3*q + 3*q = -12. Let v be (3/q)/((-9)/42). What is the greatest common divisor of v and d?
7
Suppose 3*p - 3*r - r - 259 = 0, 2*r = -p + 73. Suppose 0*g + 4*g - 36 = 0. Calculate the greatest common factor of p and g.
9
Suppose -3*p = 5*m - 153, -m - 65 = -3*m - 5*p. Calculate the greatest common divisor of m and 12.
6
Let h = 4 - 1. Let x be (h - 2)/((-1)/(-4)). Let l(z) = 6*z - 6. Let t be l(7). Calculate the greatest common factor of t and x.
4
Let w = 0 + 0. Suppose w = -5*n + 22 + 33. Suppose 369 = 3*t + 3*j, -4*t - 603 = -9*t + j. What is the highest common factor of n and t?
11
Let r be 0 - 1*-3*6. Let c be (-27)/r*580/(-6). Calculate the highest common factor of c and 58.
29
Let j be ((-15)/6)/((-3)/6). Suppose 1 + j = 3*x. Suppose -30 - x = -2*f. Calculate the greatest common divisor of 8 and f.
8
Let p = 1 - -3. Let q(b) = -b**2 - 5*b - 2. Let a be q(-4). Suppose 7*r - 3*r - 60 = p*d, -a*d = r - 3. What is the greatest common divisor of 33 and r?
11
Let b be (2 + 13/(-5))*-85. Let w = 85 - b. What is the highest common factor of 68 and w?
34
Suppose -5*p = -q - 21, p = 3*p - 3*q - 11. Suppose -3*c = -p*c + 6. Calculate the highest common factor of c and 24.
6
Suppose -3*h + 0 = -63. Let f = 38 - h. Calculate the highest common factor of f and 17.
17
Suppose 0 = -4*y + 5*y - 105. Suppose v + y = 4*m, v = -5 - 0. Calculate the greatest common factor of m and 5.
5
Suppose 0*k - 12 = -4*k. Let w(x) = x**k - 3 - 1 - 2*x**3 - 3*x - 4*x**2. Let c be w(-4). Calculate the greatest common divisor of c and 32.
8
Suppose 3 + 3 = -3*b. Let m be (30/9)/(b/(-27)). What is the greatest common factor of m and 18?
9
Suppose 0 = -6*z + 3*z. Let t = z + 12. Let d = -8 + t. What is the highest common factor of d and 2?
2
Let t = 96 - 42. Calculate the greatest common divisor of t and 6.
6
Suppose 6*p - 66 = -0*p. What is the highest common divisor of 121 and p?
11
Suppose -6*x + 78 = -4*x + 3*k, x = -k + 41. What is the highest common divisor of 9 and x?
9
Let f be (-18)/3 + (-2)/(-2). Let h be 14 - (3 + 2 + f). Suppose 0 = -m + 2*q + 88, 3*m - q - q = 284. Calculate the greatest common divisor of m and h.
14
Let i = 5 + 7. Calculate the greatest common factor of i and 36.
12
Let o(s) = 20*s**2 + 1. Let p be o(-1). Let j be -3*(0 + (-14)/3). Calculate the greatest common factor of p and j.
7
Suppose 0 = -0*g - 2*g + 150. Let k be g - (1 - (0 - -3)). Calculate the highest common factor of 7 and k.
7
Let o(l) = -l**3 + 12*l**2 - 9*l - 6. Let f be o(11). Suppose 3*x - f = 11. Calculate the highest common divisor of 99 and x.
9
Suppose 103 + 44 = 3*f. Let c be (-42)/(-4)*14/21. Calculate the greatest common factor of c and f.
7
Let a(y) = y**3 + 13*y**2 + 10*y + 8. Let f be a(-12). What is the greatest common divisor of 16 and f?
16
Let z = -11 - -14. Suppose 8 = -z*t + 17. Calculate the greatest common divisor of t and 9.
3
Let h be 2/(-8) - (-1238)/(-8). Let j = h + 362. Suppose 45*m + 5*m - 1150 = 0. Calculate the highest common factor of j and m.
23
Suppose 3*n - 33 - 84 = 0. Calculate the highest common factor of 156 and n.
39
Let l(c) = c + 12. Let y be l(8). What is the highest common factor of 30 and y?
10
Suppose 2*v - 6 + 2 = 0. Suppose v*f = 12 + 12. Let r(s) = -s + 21. Let x be r(-15). What is the greatest common factor of f and x?
12
Let o be -5 + (-2 - -1) + -1. Let t(a) = -a**2 - a + 10. Let v be t(o). Let h be 2/1 + (0 - v). What is the greatest common divisor of 17 and h?
17
Suppose -4*l + 8 = 0, l - 14 = 2*y - 44. Let q(t) = 4*t**2 - 5*t + 5. Let p be q(5). What is the greatest common factor of y and p?
16
Let c be (-14 + 4)/((-2)/5). Suppose 3*k - 8 = 7. Calculate the highest common divisor of c and k.
5
Let t(c) = -3*c**2 - c - 2. Let y be t(-2). Let v be 992/6 + y/36. Suppose a = 3*n - 46, 1 = -2*a - 1. Calculate the highest common divisor of v and n.
15
Suppose -2*r + 45 + 27 = 4*k, 0 = 3*r. Suppose 5*p + n - 9 = 21, 0 = 5*p - 4*n - 30. Calculate the highest common factor of k and p.
6
Let m = 12 + -8. Suppose 0*q - 2*q + 10 = 0. Suppose q*j = 3*a - 12, -5*j = a + 2 - 6. Calculate the highest common divisor of m and a.
4
Let b = 4 + -2. Suppose 0 = -3*h - 9, 2*q + b*h + 8 = 4*q. What is the greatest common divisor of 1 and q?
1
Let k be (-141)/(-15) - 8/20. Suppose -216 = 4*v - 7*v. What is the highest common divisor of v and k?
9
Suppose 5*s + 21 = -59. Let r be (0 - 7)/(1/s). Calculate the highest common divisor of 14 and r.
14
Suppose 5*d + 20 = -2*v, 5*v + 2*d + 61 = 11. Let f be (v + -4)/((-2)/2). Let k be -21*1*4/(-6). What is the highest common divisor of k and f?
14
Suppose 0 = -2*s - 2*k + k + 24, -s = -2*k - 2. What is the greatest common factor of s and 70?
10
Suppose 2*h + y + 787 = 6*h, -5*h + 1005 = 3*y. Calculate the highest common factor of 22 and h.
22
Let r = 161 + -147. Calculate the highest common factor of 56 and r.
14
Suppose -b = 4*b - 50. Let l be ((-25)/(-20))/((-1)/(-56)). Calculate the highest common factor of b and l.
10
Suppose -10*z + 14*z - 172 = 0. What is the greatest common divisor of z and 301?
43
Suppose 0 = -j - 1, 3*s - 15 = j + 46. What is the greatest common factor of 5 and s?
5
Let f be -5 + 3 + (-186)/(-6). Calculate the highest common factor of f and 203.
29
Let g be (0 - 0) + 13/1. Let t = -7 - -46. Calculate the greatest common factor of g and t.
13
Suppose -2*i + 156 = -5*l, 3*i = 2*l - 0*l + 245. Let k = 104 + i. Suppose 3*g + 34 = 5*g. Calculate the highest common divisor of k and g.
17
Suppose -22*p + 25*p = 6. Suppose p*m = 2*z + 6 - 132, 0 = z + 5*m - 63. Calculate the highest common factor of z and 21.
21
Let f be (-2)/4 + (-626)/4. Let l = 262 + f. What is the highest common divisor of l and 15?
15
Let h(q) = -q + 2. Let i be (2 + -3)*2 + 5. Suppose -5*p = 12 + 3, -i*f - 3 = -2*p. Let w be h(f). What is the greatest common divisor of 5 and w?
5
Suppose -5*t - 8 = 2. Let a be (-4 - t)*15/(-6). Suppose a*r - 19 = 11. What is the greatest common factor of 48 and r?
6
Suppose i = 10*i - 360. What is the highest common divisor of i and 8?
8
Suppose 5*v - 3*s = 270, 0 = -3*v + 4*s + 25 + 148. What is the highest common divisor of 17 and v?
17
Let z be 7*(-3)/(-42)*4. Calculate the highest common factor of 8 and z.
2
Let a = -9 + 11. Calculate the greatest common divisor of 2 and a.
2
Let l be (24/9)/(4/18). Let v be ((-12)/(-7))/((-8)/(-28)). Let q be 111 + (-2)/(4/v). What is the highest common factor of l and q?
12
Suppose 0 = -4*q + 141 + 431. Calculate the greatest common divisor of q and 13.
13
Let g be ((-30)/(-12))/(1/2). Suppose 3*z - 195 = -z + 3*l, -g*z - 2*l = -215. What is the greatest common factor of z and 9?
9
Suppose -4*s + 36 = -24. Let b(f) = f**2 + 60. Let q be b(0). Calculate the greatest common factor of s and q.
15
Let u be (-15)/5*2/(-6). Let m = u + 1. Calculate the greatest common divisor of m and 22.
2
Suppose 5*q - 317 = 48